{"id":19,"date":"2024-03-29T22:28:07","date_gmt":"2024-03-29T21:28:07","guid":{"rendered":"https:\/\/www.lesateliersdepontajou.fr\/?page_id=19"},"modified":"2024-10-31T15:25:02","modified_gmt":"2024-10-31T14:25:02","slug":"presentation","status":"publish","type":"page","link":"https:\/\/www.lesateliersdepontajou.fr\/","title":{"rendered":"pr\u00e9sentation"},"content":{"rendered":"\t\t<div data-elementor-type=\"wp-page\" data-elementor-id=\"19\" class=\"elementor elementor-19\">\n\t\t\t\t<div class=\"elementor-element elementor-element-dad28ba e-flex e-con-boxed e-con e-parent\" data-id=\"dad28ba\" data-element_type=\"container\" data-core-v316-plus=\"true\">\n\t\t\t\t\t<div class=\"e-con-inner\">\n\t\t\t\t<div class=\"elementor-element elementor-element-d4975a1 elementor-widget elementor-widget-text-editor\" data-id=\"d4975a1\" data-element_type=\"widget\" data-widget_type=\"text-editor.default\">\n\t\t\t\t<div class=\"elementor-widget-container\">\n\t\t\t<style>\/*! elementor - v3.20.0 - 13-03-2024 *\/\n.elementor-widget-text-editor.elementor-drop-cap-view-stacked .elementor-drop-cap{background-color:#69727d;color:#fff}.elementor-widget-text-editor.elementor-drop-cap-view-framed .elementor-drop-cap{color:#69727d;border:3px solid;background-color:transparent}.elementor-widget-text-editor:not(.elementor-drop-cap-view-default) .elementor-drop-cap{margin-top:8px}.elementor-widget-text-editor:not(.elementor-drop-cap-view-default) .elementor-drop-cap-letter{width:1em;height:1em}.elementor-widget-text-editor .elementor-drop-cap{float:left;text-align:center;line-height:1;font-size:50px}.elementor-widget-text-editor .elementor-drop-cap-letter{display:inline-block}<\/style>\t\t\t\t<div>\n<p>Les ateliers de Pontajou sont situ\u00e9s au c\u0153ur du G\u00e9vaudan, proche de Saugues et des chemins de Saint-Jacques de Compostelle. Que vous soyez p\u00e9lerin, vacancier ou stagiaire, bienvenue aux Ateliers de Pontajou. Les h\u00f4tes, Sandrine et Ga\u00ebl, vous proposent des vacances cr\u00e9atives en pension compl\u00e8te avec des stages c\u00e9ramiques ou d\u2019enduits d\u00e9coratifs, mais aussi pour les p\u00e9lerins ou les vacanciers un h\u00e9bergement en pension compl\u00e8te ou demi-pension. Vous serez accueillis en toute simplicit\u00e9 et convivialit\u00e9 dans une ancienne ferme restaur\u00e9e du 18\u00e8me si\u00e8cle. R\u00e9habilit\u00e9e avec authenticit\u00e9 en privil\u00e9giant des mat\u00e9riaux naturels tels que la pierre, le bois et l\u2019enduit \u00e0 la chaux, la ferme vous offre un h\u00e9bergement de qualit\u00e9.<\/p>\n<\/div>\t\t\t\t\t\t<\/div>\n\t\t\t\t<\/div>\n\t\t\t\t\t<\/div>\n\t\t\t\t<\/div>\n\t\t<div class=\"elementor-element elementor-element-891f307 e-grid e-con-boxed e-con e-parent\" data-id=\"891f307\" data-element_type=\"container\" data-core-v316-plus=\"true\">\n\t\t\t\t\t<div class=\"e-con-inner\">\n\t\t\t\t<div class=\"elementor-element elementor-element-d49190d elementor-widget elementor-widget-image\" data-id=\"d49190d\" data-element_type=\"widget\" data-widget_type=\"image.default\">\n\t\t\t\t<div class=\"elementor-widget-container\">\n\t\t\t<style>\/*! elementor - v3.20.0 - 13-03-2024 *\/\n.elementor-widget-image{text-align:center}.elementor-widget-image a{display:inline-block}.elementor-widget-image a img[src$=\".svg\"]{width:48px}.elementor-widget-image img{vertical-align:middle;display:inline-block}<\/style>\t\t\t\t\t\t\t<figure class=\"wp-caption\">\n\t\t\t\t\t\t\t\t\t\t<img fetchpriority=\"high\" decoding=\"async\" width=\"525\" height=\"535\" src=\"https:\/\/www.lesateliersdepontajou.fr\/wp-content\/uploads\/2024\/03\/lit_sousbois-1004x1024.jpg\" class=\"attachment-large size-large wp-image-128\" alt=\"\" srcset=\"https:\/\/www.lesateliersdepontajou.fr\/wp-content\/uploads\/2024\/03\/lit_sousbois-1004x1024.jpg 1004w, https:\/\/www.lesateliersdepontajou.fr\/wp-content\/uploads\/2024\/03\/lit_sousbois-294x300.jpg 294w, https:\/\/www.lesateliersdepontajou.fr\/wp-content\/uploads\/2024\/03\/lit_sousbois-768x783.jpg 768w, https:\/\/www.lesateliersdepontajou.fr\/wp-content\/uploads\/2024\/03\/lit_sousbois-1507x1536.jpg 1507w, https:\/\/www.lesateliersdepontajou.fr\/wp-content\/uploads\/2024\/03\/lit_sousbois-2009x2048.jpg 2009w\" sizes=\"100vw\" \/>\t\t\t\t\t\t\t\t\t\t\t<figcaption class=\"widget-image-caption wp-caption-text\"><p>Les ateliers de Pontajou vous proposent diff\u00e9rentes chambres d\u2019h\u00f4tes toutes munies d\u2019une salle de bain et de toilettes.<\/p><\/figcaption>\n\t\t\t\t\t\t\t\t\t\t<\/figure>\n\t\t\t\t\t\t\t<\/div>\n\t\t\t\t<\/div>\n\t\t\t\t<div class=\"elementor-element elementor-element-96594cb elementor-widget elementor-widget-image\" data-id=\"96594cb\" data-element_type=\"widget\" data-widget_type=\"image.default\">\n\t\t\t\t<div class=\"elementor-widget-container\">\n\t\t\t\t\t\t\t\t\t\t<figure class=\"wp-caption\">\n\t\t\t\t\t\t\t\t\t\t<img decoding=\"async\" width=\"525\" height=\"535\" src=\"https:\/\/www.lesateliersdepontajou.fr\/wp-content\/uploads\/2024\/04\/atelier_saugues-1004x1024.jpg\" class=\"attachment-large size-large wp-image-1103\" alt=\"\" srcset=\"https:\/\/www.lesateliersdepontajou.fr\/wp-content\/uploads\/2024\/04\/atelier_saugues-1004x1024.jpg 1004w, https:\/\/www.lesateliersdepontajou.fr\/wp-content\/uploads\/2024\/04\/atelier_saugues-294x300.jpg 294w, https:\/\/www.lesateliersdepontajou.fr\/wp-content\/uploads\/2024\/04\/atelier_saugues-768x783.jpg 768w, https:\/\/www.lesateliersdepontajou.fr\/wp-content\/uploads\/2024\/04\/atelier_saugues-1507x1536.jpg 1507w, https:\/\/www.lesateliersdepontajou.fr\/wp-content\/uploads\/2024\/04\/atelier_saugues-2009x2048.jpg 2009w\" sizes=\"100vw\" \/>\t\t\t\t\t\t\t\t\t\t\t<figcaption class=\"widget-image-caption wp-caption-text\"><p>Sandrine Hurtrer c\u00e9ramiste depuis plus de 20 ans, vous propose des stages et des cours dans son atelier.<\/p><\/figcaption>\n\t\t\t\t\t\t\t\t\t\t<\/figure>\n\t\t\t\t\t\t\t<\/div>\n\t\t\t\t<\/div>\n\t\t\t\t<div class=\"elementor-element elementor-element-5406897 elementor-widget elementor-widget-image\" data-id=\"5406897\" data-element_type=\"widget\" data-widget_type=\"image.default\">\n\t\t\t\t<div class=\"elementor-widget-container\">\n\t\t\t\t\t\t\t\t\t\t<figure class=\"wp-caption\">\n\t\t\t\t\t\t\t\t\t\t<img decoding=\"async\" width=\"525\" height=\"535\" src=\"https:\/\/www.lesateliersdepontajou.fr\/wp-content\/uploads\/2024\/03\/chaux-1-1004x1024.jpg\" class=\"attachment-large size-large wp-image-154\" alt=\"\" srcset=\"https:\/\/www.lesateliersdepontajou.fr\/wp-content\/uploads\/2024\/03\/chaux-1-1004x1024.jpg 1004w, https:\/\/www.lesateliersdepontajou.fr\/wp-content\/uploads\/2024\/03\/chaux-1-294x300.jpg 294w, https:\/\/www.lesateliersdepontajou.fr\/wp-content\/uploads\/2024\/03\/chaux-1-768x783.jpg 768w, https:\/\/www.lesateliersdepontajou.fr\/wp-content\/uploads\/2024\/03\/chaux-1-1507x1536.jpg 1507w, https:\/\/www.lesateliersdepontajou.fr\/wp-content\/uploads\/2024\/03\/chaux-1-2009x2048.jpg 2009w\" sizes=\"100vw\" \/>\t\t\t\t\t\t\t\t\t\t\t<figcaption class=\"widget-image-caption wp-caption-text\"><p>Ga\u00ebl Bray mati\u00e9riste sp\u00e9cialis\u00e9 en enduits chaux pl\u00e2tre et terre vous propose des stages ou des week-ends dans son atelier. <\/p><\/figcaption>\n\t\t\t\t\t\t\t\t\t\t<\/figure>\n\t\t\t\t\t\t\t<\/div>\n\t\t\t\t<\/div>\n\t\t\t\t\t<\/div>\n\t\t\t\t<\/div>\n\t\t\t\t<\/div>\n\t\t","protected":false},"excerpt":{"rendered":"<p>Les ateliers de Pontajou sont situ\u00e9s au c\u0153ur du G\u00e9vaudan, proche de Saugues et des chemins de Saint-Jacques de Compostelle. Que vous soyez p\u00e9lerin, vacancier ou stagiaire, bienvenue aux Ateliers de Pontajou. Les h\u00f4tes, Sandrine et Ga\u00ebl, vous proposent des vacances cr\u00e9atives en pension compl\u00e8te avec des stages c\u00e9ramiques ou d\u2019enduits d\u00e9coratifs, mais aussi pour &hellip; <\/p>\n<p class=\"link-more\"><a href=\"https:\/\/www.lesateliersdepontajou.fr\/\" class=\"more-link\">Continuer la lecture<span class=\"screen-reader-text\"> de &laquo;&nbsp;pr\u00e9sentation&nbsp;&raquo;<\/span><\/a><\/p>\n","protected":false},"author":1,"featured_media":0,"parent":0,"menu_order":0,"comment_status":"closed","ping_status":"closed","template":"","meta":{"footnotes":""},"class_list":["post-19","page","type-page","status-publish","hentry"],"_links":{"self":[{"href":"https:\/\/www.lesateliersdepontajou.fr\/index.php\/wp-json\/wp\/v2\/pages\/19","targetHints":{"allow":["GET"]}}],"collection":[{"href":"https:\/\/www.lesateliersdepontajou.fr\/index.php\/wp-json\/wp\/v2\/pages"}],"about":[{"href":"https:\/\/www.lesateliersdepontajou.fr\/index.php\/wp-json\/wp\/v2\/types\/page"}],"author":[{"embeddable":true,"href":"https:\/\/www.lesateliersdepontajou.fr\/index.php\/wp-json\/wp\/v2\/users\/1"}],"replies":[{"embeddable":true,"href":"https:\/\/www.lesateliersdepontajou.fr\/index.php\/wp-json\/wp\/v2\/comments?post=19"}],"version-history":[{"count":55,"href":"https:\/\/www.lesateliersdepontajou.fr\/index.php\/wp-json\/wp\/v2\/pages\/19\/revisions"}],"predecessor-version":[{"id":1431,"href":"https:\/\/www.lesateliersdepontajou.fr\/index.php\/wp-json\/wp\/v2\/pages\/19\/revisions\/1431"}],"wp:attachment":[{"href":"https:\/\/www.lesateliersdepontajou.fr\/index.php\/wp-json\/wp\/v2\/media?parent=19"}],"curies":[{"name":"wp","href":"https:\/\/api.w.org\/{rel}","templated":true}]}}